ctors of 426.
2, 3, 71
List the prime factors of 1111.
11, 101
List the prime factors of 107.
107
What are the prime factors of 18183?
3, 11, 19, 29
What are the prime factors of 28966?
2, 7, 2069
What are the prime factors of 4203?
3, 467
What are the prime factors of 5441?
5441
What are the prime factors of 10215?
3, 5, 227
List the prime factors of 3684.
2, 3, 307
What are the prime factors of 3183?
3, 1061
What are the prime factors of 3900?
2, 3, 5, 13
What are the prime factors of 37313?
37313
What are the prime factors of 37137?
3, 12379
What are the prime factors of 15628?
2, 3907
What are the prime factors of 624?
2, 3, 13
What are the prime factors of 8815?
5, 41, 43
What are the prime factors of 13371?
3, 4457
What are the prime factors of 4196?
2, 1049
What are the prime factors of 166?
2, 83
List the prime factors of 142165.
5, 28433
List the prime factors of 1337.
7, 191
List the prime factors of 83134.
2, 197, 211
List the prime factors of 14357.
7, 293
What are the prime factors of 58460?
2, 5, 37, 79
What are the prime factors of 1142?
2, 571
What are the prime factors of 12038?
2, 13, 463
What are the prime factors of 3953?
59, 67
List the prime factors of 2224.
2, 139
What are the prime factors of 2001?
3, 23, 29
List the prime factors of 42723.
3, 47, 101
List the prime factors of 6318.
2, 3, 13
What are the prime factors of 18203?
109, 167
List the prime factors of 13827.
3, 11, 419
List the prime factors of 1138.
2, 569
What are the prime factors of 458?
2, 229
What are the prime factors of 2244?
2, 3, 11, 17
What are the prime factors of 1935?
3, 5, 43
What are the prime factors of 1227?
3, 409
What are the prime factors of 3041?
3041
What are the prime factors of 8425?
5, 337
List the prime factors of 97652.
2, 24413
List the prime factors of 297.
3, 11
List the prime factors of 40333.
53, 761
List the prime factors of 54174.
2, 3, 9029
What are the prime factors of 11558?
2, 5779
What are the prime factors of 10190?
2, 5, 1019
List the prime factors of 6200.
2, 5, 31
What are the prime factors of 51413?
51413
What are the prime factors of 24412?
2, 17, 359
List the prime factors of 44534.
2, 7, 3181
What are the prime factors of 959?
7, 137
What are the prime factors of 301?
7, 43
What are the prime factors of 495?
3, 5, 11
What are the prime factors of 5971?
7, 853
List the prime factors of 2230.
2, 5, 223
List the prime factors of 965.
5, 193
List the prime factors of 63372.
2, 3, 5281
List the prime factors of 133162.
2, 139, 479
What are the prime factors of 5468?
2, 1367
What are the prime factors of 775?
5, 31
List the prime factors of 388.
2, 97
List the prime factors of 1072.
2, 67
List the prime factors of 11410.
2, 5, 7, 163
List the prime factors of 1425.
3, 5, 19
List the prime factors of 1514.
2, 757
What are the prime factors of 27194?
2, 13597
What are the prime factors of 2637?
3, 293
List the prime factors of 4196.
2, 1049
What are the prime factors of 1374?
2, 3, 229
List the prime factors of 2499.
3, 7, 17
What are the prime factors of 57918?
2, 3, 7, 197
List the prime factors of 68747.
7, 23, 61
What are the prime factors of 1563?
3, 521
List the prime factors of 727.
727
What are the prime factors of 1006?
2, 503
What are the prime factors of 9226?
2, 7, 659
List the prime factors of 22226.
2, 11113
List the prime factors of 95856.
2, 3, 1997
What are the prime factors of 2725?
5, 109
What are the prime factors of 1098?
2, 3, 61
What are the prime factors of 27967?
27967
What are the prime factors of 14312?
2, 1789
List the prime factors of 2124.
2, 3, 59
What are the prime factors of 37174?
2, 18587
What are the prime factors of 1203?
3, 401
List the prime factors of 15040.
2, 5, 47
What are the prime factors of 15783?
3, 5261
List the prime factors of 1342.
2, 11, 61
List the prime factors of 1451.
1451
What are the prime factors of 19154?
2, 61, 157
What are the prime factors of 906?
2, 3, 151
What are the prime factors of 837?
3, 31
What are the prime factors of 180?
2, 3, 5
What are the prime factors of 5696?
2, 89
List the prime factors of 7004.
2, 17, 103
List the prime factors of 4779.
3, 59
What are the prime factors of 1584?
2, 3, 11
List the prime factors of 1298.
2, 11, 59
What are the prime factors of 1449?
3, 7, 23
List the prime factors of 629.
17, 37
What are the prime factors of 57069?
3, 17, 373
List the prime factors of 260.
2, 5, 13
List the prime factors of 21608.
2, 37, 73
What are the prime factors of 38502?
2, 3, 23, 31
List the prime factors of 1187.
1187
List the prime factors of 67621.
19, 3559
List the prime factors of 1058.
2, 23
What are the prime factors of 9241?
9241
List the prime factors of 793.
13, 61
What are the prime factors of 955?
5, 191
What are the prime factors of 8763?
3, 23, 127
List the prime factors of 160.
2, 5
What are the prime factors of 110767?
257, 431
What are the prime factors of 70373?
70373
What are the prime factors of 8416?
2, 263
What are the prime factors of 27024?
2, 3, 563
What are the prime factors of 1145?
5, 229
List the prime factors of 10002.
2, 3, 1667
List the prime factors of 3494.
2, 1747
What are the prime factors of 849?
3, 283
What are the prime factors of 11323?
13, 67
List the prime factors of 129926.
2, 167, 389
List the prime factors of 365.
5, 73
List the prime factors of 2568.
2, 3, 107
List the prime factors of 8162.
2, 7, 11, 53
What are the prime factors of 217?
7, 31
What are the prime factors of 1367?
1367
What are the prime factors of 3678?
2, 3, 613
List the prime factors of 2425.
5, 97
List the prime factors of 3365.
5, 673
What are the prime factors of 1537?
29, 53
List the prime factors of 1527.
3, 509
What are the prime factors of 5368?
2, 11, 61
List the prime factors of 37300.
2, 5, 373
What are the prime factors of 1206?
2, 3, 67
What are the prime factors of 8268?
2, 3, 13, 53
What are the prime factors of 58417?
58417
What are the prime factors of 36982?
2, 11, 41
List the prime factors of 24688.
2, 1543
List the prime factors of 8642.
2, 29, 149
List the prime factors of 68250.
2, 3, 5, 7, 13
List the prime factors of 2271.
3, 757
List the prime factors of 24665.
5, 4933
List the prime factors of 42488.
2, 47, 113
What are the prime factors of 72784?
2, 4549
What are the prime factors of 33505?
5, 6701
List the prime factors of 2269.
2269
List the prime factors of 16432.
2, 13, 79
List the prime factors of 516.
2, 3, 43
List the prime factors of 8301.
3, 2767
List the prime factors of 1525.
5, 61
What are the prime factors of 26249?
26249
List the prime factors of 3060.
2, 3, 5, 17
What are the prime factors of 13364?
2, 13, 257
List the prime factors of 791.
7, 113
List the prime factors of 3012.
2, 3, 251
List the prime factors of 13072.
2, 19, 43
List the prime factors of 37218.
2, 3, 6203
What are the prime factors of 29686?
2, 14843
List the prime factors of 38618.
2, 19309
List the prime factors of 1500.
2, 3, 5
What are the prime factors of 22421?
7, 3203
What are the prime factors of 53530?
2, 5, 53, 101
List the prime factors of 9439.
9439
List the prime factors of 769.
769
What are the prime factors of 4234?
2, 29, 73
What are the prime factors of 48219?
3, 16073
What are the prime factors of 3267?
3, 11
List the prime factors of 1074.
2, 3, 179
What are the prime factors of 4258?
2, 2129
List the prime factors of 3598.
2, 7, 257
What are the prime factors of 23580?
2, 3, 5, 131
What are the prime factors of 5889?
3, 13, 151
What are the prime factors of 953?
953
What are the prime factors of 5273?
5273
List the prime factors of 38252.
2, 73, 131
List the prime factors of 14648.
2, 1831
List the prime factors of 58060.
2, 5, 2903
What are the prime factors of 100893?
3, 13, 199
What are the prime factors of 59311?
7, 37, 229
List the prime factors of 735.
3, 5, 7
What are the prime factors of 1025?
5, 41
What are the prime factors of 3330?
2, 3, 5, 37
What are the prime factors of 909?
3, 101
What are the prime factors of 51009?
3, 7, 347
List the prime factors of 3471.
3, 13, 89
What are the prime factors of 1382?
2, 691
List the prime factors of 4410.
2, 3, 5, 7
What are the prime factors of 3779?
3779
List the prime factors of 116890.
2, 5, 11689
What are the prime factors of 718?
2,